 a composite number?
True
Is 13977609757 a prime number?
False
Is 60420947 composite?
False
Is 3255685309 composite?
True
Is 421225663 a prime number?
True
Is 164729136509 prime?
False
Is 1154571107 a composite number?
True
Is 5775013061 prime?
True
Is 3588037993 prime?
False
Is 43857068423 a composite number?
True
Is 131560969 prime?
True
Is 5190688255 composite?
True
Is 5499216409 prime?
False
Is 30358198603 prime?
False
Is 691426819 a composite number?
True
Is 220511598493 a composite number?
False
Is 4424150821 a composite number?
True
Is 760762807 a composite number?
True
Is 12987672059 a composite number?
True
Is 8657302613 a prime number?
True
Is 106266505 a composite number?
True
Is 1526872787 prime?
False
Is 215928007 a composite number?
True
Is 196226437 composite?
True
Is 189182267293 a composite number?
False
Is 4668684443 a composite number?
False
Is 526769213 composite?
False
Is 69901511401 a composite number?
False
Is 1619784197 composite?
False
Is 322516387 a prime number?
False
Is 348846467 a prime number?
False
Is 554557037 a prime number?
True
Is 11003677241 a prime number?
True
Is 69706955891 a composite number?
False
Is 8458352129 composite?
False
Is 19459360681 a prime number?
True
Is 362486217983 a prime number?
True
Is 18178582397 a prime number?
False
Is 101333041 prime?
True
Is 19101849199 a prime number?
False
Is 34184297327 a prime number?
False
Is 238585692047 a composite number?
True
Is 2903603581 a prime number?
True
Is 54636966421 a composite number?
False
Is 1196286349 a prime number?
True
Is 101406089287 prime?
True
Is 15879984433 prime?
False
Is 4671121729 a prime number?
False
Is 87909858953 composite?
True
Is 9884634743 composite?
True
Is 1622546867 a composite number?
False
Is 1166678501 composite?
False
Is 12015939547 a composite number?
True
Is 15294640607 prime?
False
Is 9781356239 composite?
False
Is 143294777 a prime number?
True
Is 1860173969 composite?
False
Is 100682166731 prime?
True
Is 8688568223 a prime number?
True
Is 565528569 a composite number?
True
Is 13412480377 a prime number?
True
Is 3340266221 a composite number?
False
Is 6447587183 a prime number?
True
Is 52899499 a composite number?
False
Is 3968930869 composite?
False
Is 26639672887 a prime number?
True
Is 404883127 a prime number?
False
Is 70881640351 a composite number?
False
Is 765162743 prime?
False
Is 8772228931 a prime number?
True
Is 1826714059 composite?
True
Is 46123139 a composite number?
False
Is 968424421 a composite number?
True
Is 691569481 composite?
False
Is 5469321155 composite?
True
Is 6414106147 composite?
False
Is 26250353 a composite number?
True
Is 1363227407 a prime number?
False
Is 3391970423 a prime number?
True
Is 9060048007 a composite number?
False
Is 21139009999 a composite number?
False
Is 1860681241 prime?
True
Is 207101263 prime?
False
Is 1010589869 a composite number?
False
Is 164920849 a composite number?
False
Is 516670547 a prime number?
False
Is 95984348483 prime?
False
Is 228479789 composite?
False
Is 283467241 prime?
True
Is 2877913063 a prime number?
False
Is 2034618239 a prime number?
True
Is 2321570579 prime?
True
Is 10482024881 a composite number?
True
Is 16078849999 composite?
False
Is 516944119 a prime number?
True
Is 460318777727 composite?
True
Is 302349973 prime?
False
Is 249156273 composite?
True
Is 99264539 prime?
False
Is 80743597433 prime?
True
Is 17021700265 a prime number?
False
Is 54505579 a prime number?
True
Is 966988837 prime?
True
Is 3583992749 prime?
True
Is 4627194163 a prime number?
True
Is 1790291647 a composite number?
False
Is 121508567 a prime number?
True
Is 1037232847 composite?
True
Is 218350211 composite?
True
Is 36192180137 composite?
False
Is 8162491567 prime?
False
Is 6849118213 composite?
True
Is 8025230687 composite?
False
Is 387914741443 prime?
True
Is 6117046681 prime?
True
Is 39170996849 a prime number?
True
Is 17034581 a prime number?
True
Is 5766727133 a composite number?
True
Is 56364037855 prime?
False
Is 2839307153 a composite number?
False
Is 5590893943 a composite number?
False
Is 9235925207 a prime number?
False
Is 78508555487 composite?
True
Is 506350051 composite?
False
Is 1337514715 a prime number?
False
Is 37784039159 a composite number?
False
Is 9760072031 a composite number?
False
Is 12414009007 a composite number?
False
Is 144720463 composite?
True
Is 7570877023 a composite number?
True
Is 773449823 composite?
True
Is 30877570123 a composite number?
False
Is 12529722617 a composite number?
False
Is 803731267 composite?
True
Is 10968221861 a composite number?
True
Is 759148829 composite?
False
Is 62925829141 composite?
True
Is 440759377 prime?
False
Is 100133070277 composite?
False
Is 27639875447 composite?
True
Is 465180641 a composite number?
False
Is 21957622273 prime?
False
Is 4206500563 composite?
True
Is 11886362801 prime?
False
Is 35230145 a prime number?
False
Is 13455110533 prime?
True
Is 37980405611 prime?
False
Is 11179175417 a composite number?
False
Is 2963669249 a composite number?
False
Is 14114500093 a prime number?
True
Is 83940333 prime?
False
Is 153522579527 a prime number?
True
Is 10793303419 composite?
True
Is 108053645743 a composite number?
False
Is 391157561 a composite number?
False
Is 5955081017 prime?
False
Is 730081511 a prime number?
True
Is 4945221623 composite?
False
Is 18796079377 a composite number?
False
Is 21218794081 a prime number?
True
Is 79802759 prime?
True
Is 189277433 a prime number?
False
Is 16611708073 a prime number?
True
Is 1494586669 a composite number?
False
Is 33231655969 a prime number?
False
Is 3019419713 composite?
True
Is 411968303 prime?
True
Is 2352690817 a prime number?
False
Is 109405034 a prime number?
False
Is 49457747 a composite number?
False
Is 803418713 a prime number?
True
Is 1120563139 a composite number?
False
Is 9543309509 a prime number?
True
Is 106684512257 composite?
False
Is 962549963 prime?
False
Is 19501506839 prime?
True
Is 78466493033 a composite number?
False
Is 15084949163 a composite number?
True
Is 158196758119 prime?
False
Is 278983751 composite?
False
Is 4429953659 a prime number?
True
Is 71412337 prime?
True
Is 162154771 prime?
False
Is 14888223157 prime?
False
Is 8703790013 prime?
True
Is 1203103667 a prime number?
False
Is 3635979559 a prime number?
True
Is 70423602241 a prime number?
False
Is 79100513 a composite number?
True
Is 714332527 composite?
True
Is 25311241613 prime?
False
Is 52992619415 a composite number?
True
Is 374297459 a composite number?
False
Is 34263263 a composite number?
False
Is 102615899495 a composite number?
True
Is 260911110067 prime?
True
Is 31377767 a composite number?
True
Is 116912081161 a prime number?
True
Is 30123413783 prime?
False
Is 4165633721 a composite number?
False
Is 2790051983 a prime number?
True
Is 13681747567 a composite number?
True
Is 52422982426 prime?
False
Is 61063151969 a prime number?
True
Is 150473911 a prime number?
False
Is 54187620365 composite?
True
Is 27714115001 prime?
False
Is 309698966 a prime number?
False
Is 12845364113 prime?
True
Is 860715931 a prime number?
True
Is 14130107087 a composite number?
True
Is 1115524463 composite?
False
Is 3426562273 prime?
True
Is 107387873659 composite?
True
Is 28041361121 prime?
True
Is 2819173978 composite?
True
Is 38302828723 a prime number?
False
Is 482885239 composite?
True
Is 167321971 a prime number?
False
Is 2917292513 a composite number?
True
Is 9091457827 prime?
False
Is 11420736473 a prime number?
True
Is 4586870621 composite?
False
Is 88983898073 a prime number?
False
Is 4267938413 a prime number?
False
Is 1612714343 prime?
True
Is 544586923 a prime number?
True
Is 34093133 prime?
True
Is 8400103207 prime?
False
Is 1288991101 a prime number?
False
Is 39964390913 a prime number?
True
Is 16144092191 a composite number?
True
Is 31180170085 a prime number?
False
Is 151314844993 composite?
True
Is 1338732797 composite?
False
Is 468360349 a composite number?
True
Is 508784719 composite?
True
Is 29928119321 composite?
False
Is 615700081 composite?
True
Is 101089223 a composite number?
False
Is 11640666097 composite?
False
Is 150886529 a composite number?
False
Is 683272561 prime?
True
Is 2384365307 composite?
False
Is 13459083557 a prime number?
True
Is 24